(10 - 13) + 34 - (-3 - -6)?
20
(2 + -11 + 4 - 7) + 4 + -1
-9
Evaluate -44 + 37 - (-1 + 1 + 0 + 1).
-8
Calculate 16 - (-9 + 13 + -21 - -51).
-18
Evaluate 0 - (1 - (5 + (17 - 6))).
15
Evaluate (-138 - -68) + (42 - 6).
-34
What is -2 + -8 + (45 - 36)?
-1
Evaluate 2 + 1 - -5 - (72 + -50).
-14
Evaluate 1 + -3 - (-5 - ((0 - -17) + -4)).
16
14 - (13 - 41 - -76)
-34
Calculate (1 + -15 - -37) + -31.
-8
What is the value of 6 + 8 + -23 + 1?
-8
What is the value of ((-8 - 1) + 6 - -4) + 8?
9
(0 - -1) + (10 - 2 - (-24 + 23))
10
What is 7 - (3 - (15 + -3 - 37))?
-21
What is the value of (-8 - (-13 - -6 - -6)) + 7 + -6?
-6
Evaluate -20 + (-8 - (6 - (4 + 12))) + -3.
-21
Evaluate (0 - -4) + -3 + (19 - 31).
-11
What is the value of (14 - (6 - -17)) + 1 + -11?
-19
-9 - (14 - 34) - (0 + -9)
20
What is the value of -3 + -7 - (9 + -9 - 2 - -10)?
-18
Evaluate -4 - -5 - 7 - 3.
-9
Evaluate 3 + -1 + (2 - (2 - 1)).
3
Calculate -26 - (6 - (30 - 8)).
-10
Evaluate -10 - (-7 + (25 - 13)).
-15
1 - (3 + -6) - (143 + -148)
9
Calculate -7 + -18 + -16 + 74.
33
What is -7 - (-1 + -1 - -4 - 13)?
4
Calculate 7 - 0 - (-18 + 43 + -15).
-3
What is the value of (0 - -1) + -14 + 7?
-6
What is -1 + (-9 - (-1 + -2 - -1))?
-8
(-24 - -30) + -18 - 26
-38
What is the value of (-206 - -230) + -21 + -1?
2
Evaluate 4 + (16 - 4) + -15.
1
2 + 2 + (-15 - (27 + -48))
10
22 - (-2 - (-9 - (-9 - -5)) - -6)
13
Calculate -2 + 9 + (1 - (-10 - -3)).
15
Evaluate 2 - (3 + -3) - 8 - (35 + -37).
-4
Calculate 10 - 5 - (5 + -7 - 5).
12
-7 + 20 + 1 + -10 - (8 + -5)
1
What is the value of (3 - 0) + -2 + 1 + -286 + 292?
8
Calculate -21 + -166 + 176 + (3 - 1).
-9
-6 - (2 + (-6 - -3) - (-3 - 2))
-10
(7 - (0 + 1 + 2)) + (-39 - -35)
0
Evaluate 9 + 3 + -15 + 21.
18
What is the value of (18 + 9 - 14) + 10 + -1 + -6?
16
Evaluate -26 - (-34 + (-24 - -53)).
-21
What is the value of -6 - (2 + 6 + -11) - -9?
6
What is 20 - (15 + -5 + 30)?
-20
Calculate (20 + -24 - 10) + (-7 - (-3 + 1)).
-19
Evaluate -1 + -2 - (17 - 9 - 2).
-9
What is the value of 1 + (-1 - (-1 + -8 + 0))?
9
What is 0 - (-12 + 31) - (3 + -10 - -3)?
-15
Calculate 13 + (-4 - -10) + -11 + 10.
18
What is (-7 - (-1 + 1)) + -14 + 29 + 3?
11
Calculate 5 + -15 + 13 - 15.
-12
(13 + -8 - 27 - -3) + -3
-22
Evaluate 11 + -28 + 18 + -4.
-3
What is (-3 - -31) + -14 + 8 + 0 + 0?
22
Evaluate 23 - 33 - -3 - (-2 + 10).
-15
36 + -41 + (-7 - 3) + 20
5
(8 - 0) + -8 + (2 - (3 - 4))
3
What is the value of -4 - ((-19 - -18) + -18)?
15
Evaluate 12 + -15 + (-9 - -29).
17
Evaluate -3 + (4 - -6) - -3.
10
What is 0 - ((-2 - -9) + 24 + -25)?
-6
Evaluate -5 + (-12 - -8) + 9.
0
Calculate -6 + -24 + 10 + 1 + -4 - -8.
-15
What is -30 + -6 + 6 + -6 + 18?
-18
What is the value of 6 - (15 - (6 - 7) - (-8 - 0))?
-18
What is the value of 3 - (5 + 0) - (5 + (-1 - 0))?
-6
Calculate (-14 - -24) + -4 + -1 + -2 + -19.
-16
Calculate (-2 - 2) + -42 + 43 - -15.
12
Calculate 46 + -7 + 4 - 2 - (-11 - -17).
35
Calculate -18 + (0 - (36 - 14)) + 4.
-36
Evaluate 10 - (13 + 11 - -2) - -1.
-15
Evaluate -18 + 1 + 354 + -351.
-14
Evaluate 8 + -1 - (-10 - (-30 - 3 - -16)).
0
What is the value of -1 + -2 - (5 - ((-1 - 10) + 9))?
-10
(4 - -1) + (17 - (-31 - -46))
7
-9 + (1 + 8 - 1) + -10
-11
(-27 - -12) + 4 - 24 - -7
-28
0 + (14 - 6 - (4 + 1) - 5)
-2
What is the value of 8 + (-7 - -4) + -25 + 7 + -1?
-14
What is -2 + (-7 - -10) - (-14 - -22)?
-7
What is the value of -17 + (20 - 5) - 4?
-6
Evaluate 3 - (-2 - (-4 - -4)) - (-20 - -16).
9
-21 - ((-9 - 10) + 4)
-6
Calculate 2 - ((-13 - 5) + 3 - -4) - 2.
11
Evaluate -18 + 5 + (24 - 1) + 0 + -1.
9
What is the value of (21 - 1) + -1 + (-966 - -959)?
12
8 + -4 + 1 + (-2 - -2) - 0
5
(-6 - -3) + -6 + 28
19
3 + (-12 - -9) + (-9 - 5)
-14
Calculate (9 - (-4 + 2)) + 4 + 8 + -7.
16
33 - 34 - -17 - 3
13
Calculate -1 - 0 - (3 + (15 - 24 - 3)).
8
What is 3 + 7 + 3 + 2 + -5?
10
(-11 - (2 + -3)) + 6 + -4 + -2
-10
Calculate (55 - 18) + -10 - 32.
-5
Calculate (-5 - (27 - 26)) + (2 + 12 - -1).
9
Evaluate 1 + 1 + -1 - (27 - 21).
-5
Calculate 1 + 7 - (12 - 3) - 6.
-7
Evaluate (-26 - 3 - -12) + (-2 + 11 - 3).
-11
What is (-45 - -23) + -22 + 37?
-7
What is (3 + -4 + 3 - -1) + 14?
17
0 + -2 + 3 + (-4 - -10) + -13
-6
(-8 - (-2 - -3)) + 62 + (-53 - -16)
16
Calculate -29 + 15 - -15 - 22.
-21
Evaluate 14 + -8 - (9 + -6 - (-20 - 6)).
-23
What is the value of ((10 - 18) + -7 - -4) + (10 - 5)?
-6
Evaluate -26 + 22 + (21 - 6) + -8.
3
Evaluate -2 - (-18 - (-19 + -1)).
-4
What is the value of (-9 + 62 - 12) + (-2 - (0 + 5))?
34
-34 - -16 - -24 - 19
-13
What is 16 + (-4 - 29) - ((-2 - -3) + -2)?
-16
-40 + -5 - -7 - (-91 + 79)
-26
Evaluate -15 + -17 + 4 + 32.
4
What is the value of 99 + -105 - (-11 + 1)?
4
What is 3 - (0 + -2) - (-60 - -67)?
-2
Evaluate 11 - ((43 - 44) + (0 - 0)).
12
What is 0 + 17 + (104 - 99)?
22
What is 15 + -7 - 10 - (-8 + -1)?
7
Evaluate -113 + 83 + 12 + -4 + 10.
-12
Evaluate -3 + -23 + 14 - (-1 - -3).
-14
Calculate 6 - 6 - (-51 + 24).
27
What is -1 - 8 - ((11 - 26) + -6)?
12
What is the value of 10 + 0 - (-7 + (3 + 5 - -1))?
8
What is 6 + (0 + 2 - 0) + (4 - 19)?
-7
Calculate 21 - (-1 + 1 - -5 - (796 - 793)).
19
-1 - -19 - (72 - 30)
-24
What is the value of -3 + 4 - (4 + 6 + -12)?
3
What is -6 - -12 - (19 - 28)?
15
(-15 - (6 + -12)) + -5 + 11
-3
Calculate 14 + -17 + (-13 - -14).
-2
What is 180 + -184 - (-1 + -15)?
12
Evaluate -5 + 0 + -29 + (5 - -25) + -9.
-13
What is (6 + -3 - 20 - 7) + -5 + 10?
-19
Evaluate 358 - 358 - (17 + -1).
-16
What is 14 - (-9 + 4 + 4 - -7)?
8
(-9 - -9 - (-8 + 1)) + 149 + -142
14
What is -8 + 0 + (80 - (31 + 63))?
-22
Calculate 8 + -16 + (14 - 0) + -4.
2
Calculate (1 - (-2 - 4)) + 1 - (-14 + 1).
21
10 - (10 - (-17 + (-2 - -9)))
-10
Evaluate (40 - 51) + (49 - 3) - 11.
24
What is (18 - (-29 + 24)) + -8?
15
17 + 3 + -24 + 0
-4
Evaluate -1 + -26 + (-21 - -37).
-11
Evaluate (12 - (-4 - -9)) + 2 + (-13 - -2).
-2
What is 8 + 5 - (2 + (12 - (2 + 5)))?
6
What is 15 + (2 + -9 - (-26 + 43))?
-9
Evaluate -28 + ((-11 - 2) + 9 - -8) + -1.
-25
-27 - (-57 - (-25 + -13))
-8
Evaluate 0 - 5 - (11 - (6 + -4 + -7)).
-21
What is 0 + 8 - (58 - 62 - (-3 - 2))?
7
Calculate (16 - 47 - -14) + 11.
-6
Evaluate (-1 - 7) + 21 + -5 + -6.
2
What is -30 + 3 - (5 + 8 + -22 - -2)?
-20
-445 + 493 - (-1 + 21)
28
Calculate -2 + -5 - 0 - (-7 - (-1 - 7)).
-8
-55 + 29 - (-34 - 18)
26
What is 2 - (-6 + (-8 - -9 - (1 + 0)))?
8
Calculate (-49 + 13 - -11) + -1 + 6.
-20
30 - 36 - (-1 - -8)
-13
(-48 - (6 + -18)) + 35
-1
Calculate (1 - 10) + (91 - 82) - -7.
7
What is (-1 + -2 + 9 - 7) + -1?
-2
What is (-6 + 3 - -4) + -1 + 5 + 4?
9
Calculate 10 + (12 - 27) - (-9 - -1).
3
What is the value of (1 - (-6 + 3)) + (7 + -2 - 16)?
-7
What is the value of (-12 + 2 + 5 - -1) + 18?
14
What is the value of 42 - 28 - (4 + -1) - (3 - -2)?
6
10 - 14 - (-31 + -1 + 1 + 2)
25
Evaluate 28 + 15 + -31 - 9.
3
Evaluate (-1 - 3) + (-19 - -35).
12
Calculate 2 - (14 - (15 - 10)).
-7
What is the value of 19 - 5 - (23 - 11)?
2
(11 - 2) + -5 + (-24 - 3) + 0
-23
What is 0 + 10 - (43 - 30)?
-3
0 + -6 + (-20 - (24 + -24) - -58)
32
Calculate -5 - 11 - -22 - (-1 + 10) - -18.
15
Evaluate -6 - (8 - (-4 + 6)).
-12
Evaluate -38 - (-18 - 7) - -11.
-2
Calculate (4 - -1) + -4 - (-25 + 0).
26
What is the value of 2 - ((16 - 8) + (-4 - (2 - 6)))?
-6
Evaluate (-8 - -27) + -59 + 55.
15
Calculate (-2 + 12 - 14) + -22.
-26
Calculate 12 + (-6 - -9 - (1 + -3 + 11)).
6
What is -1 - -16 - (-927 - -931)?
11
10 - (-8 - -5) - -5
18
What is -24 + (6 - -12) + 23?
17
What is (-10 - (0 + 9 - 10)) + 1 + 13?
5
What is the value of -2 + -1 + 4 - -13?
14
Calculate (1 - 10) + (-13 - -10 - -17 - 9).
-4
(-4 - -1) + (9 - 4) + (-11 - -33)
24
-38 + 15 + 3 - -3
-17
What is -83 + 86 + (-8 - -14)?
9
Calculate -3 - ((-1 + -9 - (-119 + 116)) + 8).
-4
-12 + -1 + -68 + 90 - 0
9
What is the value of (3 + -1 - 7) + -4 + -3 + 0?
-12
What is the value of 79 + -78 + 2 + -14?
-11
What is the value of (46 - -1) + -5 + -21?
21
Calculate -22 + 20 + 43 + -59.
-18
Calculate -12 - (2 - (4 - 1 - (3 + 0))).
-14
What is 34 + -24 + -12 - (-2 + 11) - 22?
-33
What is the value of (119 - 138) + (4 - -42)?
27
Evaluate 1 + 8 + -9 - 4.
-4
(1 + -8 - -1 - (-11 + 9)) + -9
-13
Calculate 14 - (41 + -3 + 2 + -7).
-19
Evaluate (-15 + 45 + -8 - (-3 + 0)) + -8.
17
Calculate (24 + 6 - 45) + -2 + 4 + -6.
-19
(3